3. Let u(l) = 1. Let n(d) = -3*u(d) - w(d). Let j = -9328 - -9330. Determine n(j).
-24
Let k(c) = c**2 - c - 1. Let z = 153 + -150. Suppose -z*a - 4*j = j - 17, -4*j = 2*a - 14. What is k(a)?
1
Let o be 2/(-7) + (-16)/(-7). Suppose 4*p = o*z - 32, 0 = -3*z + 3*p - 18 + 57. Let j(d) be the first derivative of -d**2/2 + 5*d + 65909. Calculate j(z).
-5
Let l be (-39)/78*(3 + -5)*-7. Let i be l + 1 + 2 - -7. Let g(f) be the third derivative of f**5/60 - f**4/4 + f**3/2 - f**2. What is g(i)?
-6
Let d be (117/65)/(3/(-15)). Let q(u) = -6*u - 13. Let b(o) = o. Let z(h) = -4*b(h) - q(h). Determine z(d).
-5
Let r(k) be the first derivative of 15 + 2/3*k**3 + 1/60*k**5 - 1/24*k**4 + 11/360*k**6 + 0*k + 0*k**2. Let u(x) be the third derivative of r(x). Give u(1).
12
Let r = -7 + 10. Let s(f) be the first derivative of -1/3*f**3 + 3/2*f**2 + 3*f - 1/4*f**4 + 42. Calculate s(r).
-24
Let q be (-49159)/287 - ((-18)/14 + 1). Let x = -172 - q. Let j(v) = -3*v - 2. What is j(x)?
1
Let o(j) be the third derivative of -j**5/120 + j**4/12 + 37*j**3/6 - 34*j**2. Let r(z) be the first derivative of o(z). Give r(-6).
8
Suppose -4*s + 3 = -9. Suppose -13 = -5*f - s. Let y(i) = 2*i - 11*i**2 - 1 + 11*i**f - 3*i**3 + 0*i**3. What is y(1)?
-2
Let j(s) = 19 + 19*s + 20 - 74 + 25 + s**3 + 12*s**2. What is j(-10)?
0
Let p(q) = -q + 3. Let t = 354 - 579. Let r = t + 233. What is p(r)?
-5
Suppose 2*a - 9*a = -b - 39, 0 = -3*a - 5*b - 5. Let f(d) = -4*d**2 + 18*d + 13. Determine f(a).
3
Let g(x) = 11*x + 10. Let s be (-2*(40/(-16) - -3))/((-1)/(-2)). What is g(s)?
-12
Let h = 31 - 31. Let z(k) be the third derivative of 0*k**4 + 14*k**2 - 1/15*k**5 + h*k + 0 - 2/3*k**3 + 1/120*k**6. Give z(4).
-4
Let y be (-3 + 17 + 0)*(-21)/(-14). Let j(s) = y*s + 22*s - 38*s. Let k be -12 - -8 - (-1 - 2). Determine j(k).
-5
Let q(l) = -l**3 + 5*l**2 - 6*l + 6. Suppose 2*d = -14 + 26. Let n be d + 0 - (11 + -8). Let f be (4/(-2)*n)/(6/(-4)). What is q(f)?
-2
Suppose 0 - 65 = 13*w. Let q = -7 - -11. Let o(v) = -q + 2 - 1 - v. Calculate o(w).
2
Let a(x) = 4*x**3 - 12*x**2 - 11*x + 2. Let c = 8272 + -8273. Give a(c).
-3
Let f(i) be the second derivative of i**4/12 + 7*i**3/3 + 15*i**2/2 + 40543*i. Let c be 4/(-3)*(9 + 0). Determine f(c).
-9
Let n(z) = -17*z + 11. Let o(h) = -8*h - 2. Let w(s) = 2*n(s) - 4*o(s). Suppose -6*m = -4*m - 26. Calculate w(m).
4
Let m be (-28 - -26)*(-2)/4. Suppose -4*u - 4*k + 12 = 0, -10*k + 9*k = -u + m. Let i(j) = -7*j**3 + j**2 + j - 1. Determine i(u).
-51
Let w(o) = -11*o + 2. Let u be w(14). Let s = u - -146. Let k(d) = 4*d + 12. What is k(s)?
-12
Suppose 2*u + 1 = u - 3*x, -2*x = -2*u - 34. Let w(a) be the first derivative of a**2/2 + 17*a + 9. Determine w(u).
4
Suppose -150*i + 1121 + 4729 = 0. Let b(h) = 4*h - 135. Calculate b(i).
21
Let r(t) be the third derivative of -t**5/60 + t**4/8 + t**3 + 2*t**2 - 3497. Determine r(-2).
-4
Let y = 125 + -103. Suppose 0 = -3*g + 3*n + 66, 5*n = g + n - y. Suppose -5*p - 2*h = -0*h + 45, -3*h - g = p. Let t(j) = -j**3 - 7*j**2 - 8. Give t(p).
-8
Let t(f) = -3*f**2 + 7*f + 11. Let i be t(2). Let n(c) = 15*c - 173. Give n(i).
22
Let x(p) = -p**2 + 13*p - 37. Let v = 28148 - 28139. Calculate x(v).
-1
Suppose -2*b = -3*q - 6, -q + 0*q + 3*b - 9 = 0. Let z be 2/6*q*(6 + -5). Let k(v) = v**2 + v - 4. Determine k(z).
-4
Let p(v) be the third derivative of -v**5/20 - 7*v**4/24 - 2*v**3/3 - 7761*v**2. Calculate p(-1).
0
Let r(f) = 7*f**3 - 6*f - 245. Let w(z) = -5*z**3 + 4*z + 163. Let g(p) = -7*r(p) - 10*w(p). Give g(0).
85
Let z(y) = y**2 + 14*y + 12. Suppose 59*a + 88 = 51*a. Let x = -21 - a. Determine z(x).
-28
Let w(u) = -17*u**2 + 2*u + 0*u**3 + 3*u + 30*u**2 - 19*u**2 + u**3 - 3. Give w(3).
-15
Let l(w) = 78*w. Let h be (4 + 160/(-50))*10 - 7. Calculate l(h).
78
Let a(z) = -5*z - 40. Let q(g) = -2*g**3 - 71*g**2 + 112*g + 31. Let r be q(-37). Determine a(r).
-10
Let j(t) = t**3 - t**2 - t + 6. Let o(z) = 2*z**3 - 3*z**2 - z + 13. Let h = 379 - 385. Suppose -3*d + 26 + 13 = 0. Let m(l) = d*j(l) + h*o(l). Determine m(-6).
6
Let m(g) = -g**3 - 12*g**2 + 12*g - 12. Let q(c) = 4*c**3 + 35*c**2 - 34*c + 40. Let n(z) = 7*m(z) + 2*q(z). Give n(13).
35
Let o(w) = w**3 - 5*w**2 - 10*w + 8. Let x(m) = m**3 - 5*m**2 - 11*m + 9. Let h = -69 + 64. Let p(b) = h*o(b) + 4*x(b). Give p(6).
-4
Let t = -3 - -13. Let x(m) = 8*m + m + t - 8 - m**3 - 8*m**2. Let l(s) = -s**3 - 20*s**2 - 17*s + 29. Let d be l(-19). Give x(d).
2
Let v(k) = 0*k + 10*k**2 - 15*k**2 - 12*k + 3*k + 4*k + 3*k**2 + 2. Suppose -x + 5*u - 24 = 0, 4*x = -0*x - 2*u - 8. Give v(x).
-10
Let b(d) = -23*d + 21. Let g(j) = -j + 4. Let k(q) = 23*q + 248. Let f be k(-11). Let n(v) = f*g(v) + b(v). Calculate n(1).
-17
Let n be 9 + ((-3)/(-2))/(12/(-16)). Let c(k) = 5*k - 35. What is c(n)?
0
Let s(k) = -k**2 - 36*k - 152. Let p be s(-31). Suppose p*v = 5*w + 30 - 9, 5 = -2*v - 3*w. Let i(d) be the first derivative of -d**2/2 + 2*d - 1. Give i(v).
0
Let g(q) = 92 - 125*q + 124*q - 73 + 31. Determine g(19).
31
Suppose -w = -19*w + 3078. Let c = w - 177. Let r(j) = -6*j. Give r(c).
36
Let o be ((-4)/6)/(5/15) + 4. Let l(w) = -5 - w**o - 56*w + 131*w - 68*w. Let v = -12 - -18. Determine l(v).
1
Let k(d) = d**3 + 10*d**2 + 9*d + 4. Let w(q) = -6*q**3 + 9*q + 10*q**3 + 0*q**3 + 5 + 10*q**2 - 3*q**3. Let x(y) = -4*k(y) + 3*w(y). Give x(-9).
-1
Let m(y) = -y**3 + 2*y**2 + 3*y + 2. Let h be m(-2). Suppose 2*b + 0 = x + 7, -4*x = h. Let q(u) = u**2 + 4 - b - u + 2*u + u. What is q(-2)?
2
Let s(z) = -2*z**2 - 11*z - 11. Let m be s(-7). Let d = -29 - m. Let p(l) = -4*l - 12*l**3 + 9*l**2 + 11*l**3 - d*l**2. Determine p(5).
5
Suppose -4*c - 4*g - 4 = 0, 2*c - 5*g = -0*c + 26. Let l be (-21)/(-1)*c/9. Let n(p) = -1 - 6*p**3 - 733*p - 8*p**2 + 242*p + 7*p**3 + 250*p + 249*p. Give n(l).
6
Let f(i) = 9*i**3 - 22*i**2 - 99*i + 16. Let c(h) = -20*h**3 + 42*h**2 + 198*h - 32. Let g(v) = -4*c(v) - 9*f(v). Calculate g(33).
-16
Let z(l) = -l**2 - 3*l - 3. Suppose 0 = 2*s - 5 - 3. Suppose 0*p - 78 = -2*p. Suppose -8 = -2*t - 7*h + 3*h, -s*t - p = -3*h. What is z(t)?
-21
Let p(d) = -d**2 - 2*d. Let a(x) = 7*x + 2. Let t be a(1). Suppose t*z = 6*z + 48. Suppose -z = -14*h + 18*h. Give p(h).
-8
Let n(d) = 5*d**3 + d**2 - d + 13. Let g be (225/4)/5 - 1/4. Let z(v) = v - 4*v**3 - g + 125*v**2 - 1 - 126*v**2. Let k(f) = -5*n(f) - 6*z(f). Calculate k(0).
7
Let o(p) = -2*p - 32. Suppose 5*l + 44 = -4*j, 0*l = l - 4. Let x be o(j). Let u(b) = -b**3 - b + 4. Calculate u(x).
4
Let t(k) = -k + 1. Let n(w) = 2*w**2 - 5*w - 3. Let l(x) = -n(x) + 4*t(x). Let q = 11271 - 11268. Calculate l(q).
-8
Let c = 202 - 200. Let k(n) be the second derivative of 0 + 1/4*n**4 + 0*n**2 - 7*n - 1/20*n**5 - 1/6*n**3. Give k(c).
2
Suppose 0 = 4*q - 2*q - 6. Let n(a) = 7*a**3 - 9*a**2 - 2*a + 11. Let c(k) = -5*k**3 + 7*k**2 + 3*k - 8. Let h(p) = -3*c(p) - 2*n(p). Calculate h(q).
-13
Let w(y) = -2 + y - 3 - 2*y**3 - y**2 + 6. Let i(z) = 12*z + 87. Let p be i(-7). Suppose -7*l = -10*l - p. Determine w(l).
1
Let f(s) = s**2 + 9*s - 8*s + 7*s + s + 9. Suppose 5*x + m + 220 = 190, 0 = 2*x + 2*m + 4. Calculate f(x).
-5
Let s(u) = 4*u**3 - 7*u**2 + 22. Let q(a) = -a**3 - a**2 + a - 1. Let j(o) = 7*q(o) + s(o). Give j(-5).
5
Let x(w) = 11*w - 9. Let k be x(1). Let c(l) = -4 - 3*l**2 + l**k - 12 + 6 - 7. What is c(0)?
-17
Let c = -28 - -24. Let s(x) be the second derivative of x**4/12 + x**3 + 3*x**2/2 + 1993*x. What is s(c)?
-5
Let n = -620 - -629. Suppose v - 3*k = -2*k - n, 0 = -2*v - 4*k + 6. Let x(z) = z + 1. Give x(v).
-4
Let s(g) be the first derivative of g**4/4 + 8*g**3/3 - 5*g**2/2 + 13*g + 3711. What is s(-9)?
-23
Let x(v) be the first derivative of 2*v**2 + 10*v + 326. Calculate x(5).
30
Let i(t) = -1118*t**2 - 4*t + 1119*t**2 - 62 + 4*t + 61. Give i(-10).
99
Let u be (-20 - -16)*(-8)/(-8)*(-2)/4. Let s be (1 - 1/(-1)) + -1. Let l(t) = -t - 4*t + t - s. What is l(u)?
-9
Suppose -3*h + 4*l = -10, -5*l + 938 = -4*h + 950. Let i(p) = p**3 - p + 3. Give i(h).
-3
Let u(d) = -72*d**2 + 20 + 325*d**2 + 8*d - 254*d**2. Determine u(9).
11
Let i(m) = 35*m + m - 1 - 6 + m**2 - 29*m. Determine i(3).
23
Let r = 4678 - 4660. Let g(u) = -u + 47. Determine g(r).
29
Suppose -5*n = 15, 0 = -2*j - 4*n + 7*n - 5. Let p(w) = -2*w**3 - 15*w**2 - 5*w + 1